2?
3
Calculate the highest common divisor of 132 and 165.
33
Calculate the greatest common divisor of 456 and 40.
8
Calculate the greatest common factor of 338 and 1534.
26
Calculate the greatest common divisor of 9783 and 9.
9
Calculate the highest common divisor of 16 and 232.
8
Calculate the highest common divisor of 5487 and 31.
31
Calculate the highest common divisor of 13396 and 68.
68
What is the highest common factor of 10 and 7320?
10
What is the highest common factor of 1159 and 19?
19
Calculate the highest common divisor of 390 and 650.
130
Calculate the highest common factor of 8 and 180.
4
Calculate the highest common factor of 45 and 240.
15
What is the highest common factor of 20 and 30?
10
Calculate the greatest common factor of 154 and 33.
11
What is the greatest common divisor of 20 and 3455?
5
What is the highest common divisor of 3636 and 324?
36
Calculate the highest common factor of 165 and 121.
11
Calculate the greatest common factor of 7117 and 132.
11
What is the greatest common divisor of 609 and 84?
21
Calculate the greatest common divisor of 2200 and 55.
55
Calculate the greatest common divisor of 20 and 260.
20
Calculate the highest common factor of 26 and 28808.
26
Calculate the greatest common factor of 16 and 5904.
16
What is the greatest common factor of 19 and 60553?
19
Calculate the greatest common divisor of 28 and 132.
4
What is the highest common divisor of 1751 and 309?
103
What is the greatest common factor of 570 and 38?
38
What is the greatest common factor of 38 and 7619?
19
Calculate the greatest common factor of 66 and 99.
33
Calculate the highest common divisor of 12 and 75.
3
What is the greatest common factor of 74 and 407?
37
Calculate the highest common factor of 33120 and 180.
180
What is the greatest common factor of 837 and 540?
27
Calculate the highest common divisor of 78820 and 35.
35
Calculate the highest common factor of 260 and 30.
10
What is the greatest common factor of 153 and 1887?
51
What is the greatest common factor of 145 and 5?
5
What is the greatest common divisor of 241 and 19521?
241
What is the highest common divisor of 6692 and 28?
28
Calculate the greatest common factor of 124 and 1550.
62
Calculate the greatest common factor of 9 and 2061.
9
Calculate the highest common factor of 1 and 251.
1
Calculate the greatest common factor of 42936 and 24.
24
Calculate the greatest common divisor of 610 and 732.
122
Calculate the highest common factor of 646 and 170.
34
What is the highest common divisor of 2 and 50?
2
What is the highest common factor of 5618 and 106?
106
Calculate the greatest common divisor of 11 and 2761.
11
What is the highest common factor of 2112 and 1122?
66
Calculate the highest common factor of 51 and 1258.
17
Calculate the greatest common divisor of 156 and 4290.
78
Calculate the highest common factor of 60 and 495.
15
Calculate the greatest common factor of 448 and 56.
56
What is the highest common divisor of 225 and 375?
75
Calculate the greatest common divisor of 13179 and 552.
69
What is the greatest common divisor of 384 and 324?
12
What is the highest common divisor of 3422 and 118?
118
What is the highest common factor of 5250 and 1610?
70
What is the greatest common divisor of 1670 and 20?
10
What is the highest common divisor of 10877 and 73?
73
Calculate the highest common factor of 551 and 87.
29
Calculate the highest common divisor of 19 and 817.
19
What is the greatest common divisor of 611 and 13?
13
Calculate the greatest common divisor of 60 and 580.
20
What is the greatest common divisor of 13 and 6?
1
Calculate the highest common divisor of 51 and 255.
51
What is the highest common divisor of 1512 and 1344?
168
What is the greatest common factor of 2775 and 1?
1
Calculate the highest common divisor of 806 and 26.
26
Calculate the greatest common factor of 5681 and 741.
247
What is the highest common divisor of 72 and 4662?
18
Calculate the highest common divisor of 456 and 12.
12
Calculate the greatest common divisor of 132 and 84.
12
Calculate the greatest common factor of 8 and 15256.
8
Calculate the greatest common factor of 21 and 91.
7
What is the highest common divisor of 126 and 81?
9
Calculate the highest common divisor of 69 and 7613.
23
What is the highest common factor of 19 and 2033?
19
Calculate the highest common divisor of 476 and 1204.
28
Calculate the highest common divisor of 451 and 3362.
41
What is the greatest common divisor of 57 and 228?
57
Calculate the greatest common divisor of 30 and 102.
6
Calculate the highest common factor of 98 and 504.
14
Calculate the greatest common divisor of 22 and 1111.
11
Calculate the greatest common divisor of 33 and 187.
11
What is the greatest common divisor of 231 and 27951?
231
What is the greatest common factor of 17655 and 165?
165
Calculate the highest common factor of 10580 and 138.
46
What is the highest common divisor of 508 and 12446?
254
Calculate the highest common divisor of 516 and 43.
43
Calculate the greatest common divisor of 288 and 252.
36
What is the highest common divisor of 4518 and 18?
18
Calculate the highest common factor of 1 and 5.
1
What is the greatest common factor of 784 and 224?
112
Calculate the highest common divisor of 48 and 3252.
12
Calculate the highest common factor of 41 and 369.
41
Calculate the greatest common divisor of 345 and 460.
115
Calculate the greatest common factor of 200 and 640.
40
What is the highest common divisor of 564 and 48?
12
Calculate the highest common factor of 7350 and 600.
150
What is the greatest common factor of 1431 and 27?
27
Calculate the highest common divisor of 900 and 12.
12
What is the highest common factor of 1160 and 29?
29
What is the greatest common factor of 14 and 511?
7
What is the greatest common divisor of 20 and 4?
4
What is the highest common factor of 3024 and 441?
63
Calculate the highest common factor of 14 and 22.
2
What is the highest common factor of 28 and 658?
14
What is the greatest common divisor of 164 and 22550?
82
Calculate the highest common factor of 1898 and 803.
73
What is the highest common factor of 110 and 297?
11
Calculate the highest common divisor of 711 and 6952.
79
Calculate the highest common factor of 115 and 6095.
115
Calculate the highest common divisor of 20 and 220.
20
What is the greatest common factor of 912 and 38?
38
Calculate the greatest common factor of 30 and 465.
15
Calculate the highest common divisor of 2 and 32.
2
What is the highest common divisor of 408 and 714?
102
What is the highest common factor of 13 and 8?
1
What is the greatest common divisor of 10925 and 190?
95
Calculate the highest common divisor of 242 and 3322.
22
Calculate the greatest common divisor of 21 and 483.
21
Calculate the highest common divisor of 2 and 3.
1
What is the highest common factor of 90 and 2085?
15
Calculate the highest common divisor of 1350 and 40.
10
Calculate the highest common divisor of 28 and 312.
4
Calculate the highest common factor of 812 and 84.
28
What is the highest common divisor of 228 and 552?
12
Calculate the greatest common factor of 5 and 105.
5
Calculate the greatest common divisor of 92 and 8.
4
What is the greatest common divisor of 26 and 91?
13
Calculate the greatest common divisor of 80 and 368.
16
Calculate the greatest common divisor of 1537 and 53.
53
What is the highest common divisor of 44 and 748?
44
Calculate the greatest common factor of 13 and 45773.
13
Calculate the highest common divisor of 201 and 6499.
67
What is the highest common divisor of 2 and 4?
2
Calculate the highest common factor of 1784 and 14941.
223
Calculate the greatest common divisor of 11 and 11.
11
Calculate the highest common factor of 82 and 1312.
82
What is the greatest common factor of 10 and 16?
2
Calculate the greatest common factor of 4672 and 320.
64
Calculate the highest common divisor of 30 and 318.
6
Calculate the greatest common factor of 560 and 112.
112
What is the greatest common factor of 1397 and 66?
11
Calculate the highest common divisor of 28 and 98.
14
What is the greatest common divisor of 4959 and 684?
171
What is the highest common divisor of 8 and 968?
8
What is the greatest common factor of 51585 and 285?
285
What is the greatest 